k(y) = y**3 - 8*y**2 + 15*y + 1. Let v be k(6). Calculate the highest common divisor of 19 and v.
19
Suppose 0 = 4*w + l - 12, 0*w + 4*l = -2*w - 8. What is the highest common factor of w and 36?
4
Let l = 107 - 63. Calculate the greatest common divisor of l and 11.
11
Let a(o) = -o**3 - 9*o**2 + 2. Let b be a(-9). Suppose 4*n - 22 = b*n. Calculate the highest common factor of 11 and n.
11
Let q(c) = -3*c**3 + 3*c**2 - 6*c - 16. Let n be q(-3). Calculate the highest common factor of 20 and n.
10
Suppose 5*v - s - 29 = 0, -2*v - 5*s - 7 - 3 = 0. Suppose v*j - 8 = 4*c, -2*c - 3*j = 2*c - 24. What is the highest common divisor of c and 3?
3
Let s be (2 - 4) + (-2 - 0 - -54). Calculate the highest common factor of 20 and s.
10
Let g be 3 + (2 - -1 - -1). Calculate the highest common divisor of g and 63.
7
Suppose 0 = 2*w + 2*b - 12, 4*w - 4*b = 76 - 20. Calculate the greatest common factor of w and 70.
10
Suppose -k + 14 = -5*u, -8*u = -3*u - 5. What is the greatest common factor of 209 and k?
19
Suppose 6*c = 2*c + 48. What is the highest common divisor of c and 30?
6
Suppose 0 = -4*o + 4*f + 70 + 94, 4*o + 5*f - 128 = 0. What is the highest common factor of 333 and o?
37
Suppose -2*g + 22 = 2*x, -4*g + 0*x = -4*x - 36. Calculate the highest common factor of g and 2.
2
Suppose -7*q - 4 = -81. What is the greatest common factor of q and 121?
11
Let q = 113 + 4. What is the highest common divisor of 26 and q?
13
Let z = 10 - 6. Suppose -4*f = -16 - z. Suppose -k - 13 = -0*k + f*s, 70 = 5*k - 2*s. Calculate the highest common factor of 24 and k.
12
Let v be (-7 + 9)*(-2 - (-11)/2). Let s be (-2)/5 + (-9)/15. Let h be s*(-5)/(10/28). Calculate the greatest common factor of v and h.
7
Let y be 3/3 - (-63)/7. Let o = 2 - -2. Suppose -49 = -3*d + o*m, -4*d + 0*d = -4*m - 64. What is the highest common factor of y and d?
5
Let m be (-1)/(15/12)*(0 + -90). Let l = -73 - -121. What is the highest common divisor of l and m?
24
Let p be (15/12)/(2/48). What is the greatest common divisor of 10 and p?
10
Suppose 0*q + 4*q - 24 = 0. Let b = 5 - 4. Let n be (-2)/(b - 6/3). Calculate the highest common divisor of n and q.
2
Let q = -19 - -29. What is the greatest common factor of 20 and q?
10
Suppose -9 = 3*p - 0. Let k be (-6 - -5) + p/(-1). What is the highest common divisor of 12 and k?
2
Let g = 83 - 74. Calculate the greatest common divisor of 3 and g.
3
Let g(n) = -n + 5. Let p be g(3). Suppose -2*z = p*z - 12. Let j be (-9)/(-1)*2/z. What is the highest common factor of j and 30?
6
Let l = 56 - 52. Calculate the greatest common divisor of 8 and l.
4
Suppose -5 = -2*k + 149. Let i = 172 - k. Let j be -4 + 3 + -4 + 24. Calculate the highest common factor of i and j.
19
Let l(f) = f**2 - 3*f - f + 5*f - 1 + 4. Let a be l(-7). Calculate the highest common divisor of a and 5.
5
Let n be 16 - -1 - (3 + -1). Suppose -3*o = 2*a - 2 + n, -4*a - 3*o = 11. Let c = a - -2. Calculate the highest common divisor of 15 and c.
3
Suppose -2*g + 1 = -g. What is the highest common factor of g and 2?
1
Suppose 5 = -7*a + 2*a. Let l(y) = -6*y**2. Let f be l(a). Let n be 5/(-10)*f*21. What is the highest common divisor of n and 9?
9
Suppose -3*y + w = -94, -4*w - 84 = -3*y - 5. Calculate the highest common divisor of 88 and y.
11
Let q = -13 - -22. What is the highest common factor of q and 99?
9
Let j(m) = -m**3 - 13*m**2 + 14*m + 8. Let q be j(-14). Let t = 8 + q. What is the greatest common factor of 144 and t?
16
Suppose 5*t - 34 = -4*n, 4*t + 0*t - 3*n = 52. What is the greatest common factor of t and 20?
10
Let o be 245/9 + (-10)/45. Calculate the greatest common divisor of o and 108.
27
Suppose y = 7 + 6. Suppose -5*g = -6*g. Suppose l - 6*l + 585 = g. What is the highest common factor of l and y?
13
Let l(v) = -3*v**2 + 18*v**2 + 1 + 2*v - 4*v. Let u be l(1). Let g(m) = -13*m + 7. Let h be g(-7). What is the highest common factor of u and h?
14
Let n be 26/(-8)*-8*1. Suppose -5*r + 19 = -n. Calculate the greatest common divisor of 3 and r.
3
Suppose 3*j = 6*j - 198. Let r = j - 30. Suppose 5*m = z + 23, -2*m + 2*z + 4 = -10. Calculate the greatest common divisor of m and r.
4
Let u(v) = -v**3 - 10*v**2 - 3*v + 1. Let x be u(-10). Calculate the greatest common divisor of 124 and x.
31
Let b(p) be the second derivative of -p**5/20 + 13*p**4/12 - 5*p**3/3 - 7*p**2 - p. Let f be b(12). Calculate the highest common divisor of f and 70.
10
Let a(x) = -x**3 + 7*x**2 + 4*x + 4. Let y be a(6). What is the highest common factor of 160 and y?
32
Let o(t) = 20*t**2 + t. Let n be o(-1). What is the highest common divisor of 57 and n?
19
Let h(j) = 2*j**2 - 3*j + 3. Let c be h(7). What is the highest common factor of c and 10?
10
Suppose -2*y + 14 = -38. Calculate the greatest common divisor of y and 39.
13
Let k = -9 - -14. Suppose -k*g + 167 = -153. What is the greatest common factor of g and 16?
16
Let m be (-3 + 85/15)*3*2. Calculate the highest common divisor of 56 and m.
8
Let j(k) = -5*k**3 + 3*k**2 - 2*k + 3. Let c be j(2). Let f = -26 - -11. Let m = f - c. Calculate the highest common factor of 56 and m.
14
Let g be (51/(-5) + (-2)/(-10))*-1. What is the greatest common factor of g and 50?
10
Let u = 10 + -1. Suppose -3*g - s = -u, 2*g - 7*g = -2*s - 4. Calculate the highest common divisor of 18 and g.
2
Suppose -4*y + 19 + 29 = 2*m, -5*m + 42 = 4*y. What is the greatest common factor of 26 and y?
13
Suppose 3*g - 138 = 87. Let q(n) = n**2 + 8*n + 10. Let h be q(-7). Suppose s = 4, -h*c = s + 48 - 142. What is the highest common divisor of g and c?
15
Suppose -d + 4*d = -21. Let y = d - -4. Let l be y*4/6 - -24. Calculate the greatest common divisor of l and 88.
22
Let c = -1 + -2. Let k be (-2*(0 - c))/(-1). Suppose -k*f + 19 = -2*f - 5*v, -3 = -3*v. What is the highest common factor of 30 and f?
6
Let k = -9 - -38. Suppose -5*x - s = -51, -3*x - 2*s + 3 + k = 0. Calculate the greatest common factor of x and 60.
10
Suppose 13*c - 183 = 103. What is the highest common divisor of 44 and c?
22
Suppose 10*z + 2*o - 596 = 6*z, -3*z + 445 = o. Calculate the greatest common factor of 49 and z.
49
Let q = 33 + -85. Let p be q/(-1*(3 - 2)). What is the highest common divisor of p and 13?
13
Suppose 5*l - 117 = 103. What is the greatest common divisor of 4 and l?
4
Let j = 0 + -1. Let n be 32 + 0 - (j - 0). Let f = -4 - -7. Calculate the greatest common factor of f and n.
3
Let k(z) = z**3 + 8*z**2 + 2*z. Let j be k(-6). Calculate the greatest common divisor of 40 and j.
20
Let m(v) = 10*v - 2. Let y be m(1). Calculate the greatest common factor of y and 1.
1
Let u(j) = j**3 - j**2 + j + 6. Let o be u(0). Let b be o*((-14)/(-3))/1. Let a be (-2)/6 - (-13)/3. What is the highest common factor of a and b?
4
Suppose -3*p = 2*p + 2*n - 64, 2*p + 2*n = 28. What is the greatest common factor of 36 and p?
12
Let w be (-922)/12 + 3/(-18). Let f = 7 - w. Calculate the greatest common factor of 12 and f.
12
Suppose 0*y + 2*y - 220 = 0. What is the highest common divisor of y and 10?
10
Suppose -4 = -3*c - 1. Let v be 7 - (0 + c)*1. What is the highest common factor of 66 and v?
6
Let c be 1/4 - 34/8. Let u = -2 - c. Suppose q - 2*v = v + 4, 0 = -4*q - 3*v + 1. Calculate the greatest common factor of u and q.
1
Suppose t = -4*t + q + 40, -3*t + 46 = -5*q. Suppose -j + 48 + t = 0. Calculate the greatest common factor of 11 and j.
11
Let j be 36*(-2)/((-4)/6). Suppose x = 6*x - 15. Suppose -x*s + 16 = -20. Calculate the highest common factor of s and j.
12
Let h = -106 + 110. Calculate the highest common divisor of 16 and h.
4
Let t(r) = 166*r**3 - 1. Let p be t(1). Suppose -4*u - 110 = -2*i, 4*i + 6*u - 3*u = p. Calculate the highest common factor of i and 5.
5
Let q(a) = a**3 - 5*a**2 - 9*a + 6. Let d be q(8). Let r be 2 + 0 + -4 + 6. Suppose -16 = r*z - 72. Calculate the highest common factor of d and z.
14
Suppose -l = -2*l + 1. Let f(i) = i**3 + i**2 + 16. Let r be f(0). Suppose -c = -3*z - 8, -5*c = -3*z - 0*z - r. What is the highest common factor of c and l?
1
Suppose -3*q + 110 = 2*q. Let t = q - 19. What is the greatest common factor of 3 and t?
3
Let x(n) = -n. Let d(r) = -5*r - 1. Let h(s) = d(s) - 2*x(s). Let p be h(-3). What is the highest common divisor of 16 and p?
8
Suppose 